{"id":389,"date":"2024-03-27T14:18:34","date_gmt":"2024-03-27T14:18:34","guid":{"rendered":"https:\/\/www.lachydlaswiata.org\/?post_type=product&#038;p=389"},"modified":"2024-08-01T00:47:29","modified_gmt":"2024-08-01T00:47:29","slug":"zolta-torba-skorzana","status":"publish","type":"product","link":"https:\/\/www.lachydlaswiata.org\/index.php\/produkt\/zolta-torba-skorzana\/","title":{"rendered":"\u017b\u00f3\u0142ta torba sk\u00f3rzana"},"content":{"rendered":"<div class=\"members-access-error\">Sorry, but you do not have permission to view this content.<\/div>\n","protected":false},"excerpt":{"rendered":"<div class=\"members-access-error\">Sorry, but you do not have permission to view this content.<\/div>\n","protected":false},"featured_media":603,"comment_status":"open","ping_status":"closed","template":"","meta":{"ocean_post_layout":"","ocean_both_sidebars_style":"","ocean_both_sidebars_content_width":0,"ocean_both_sidebars_sidebars_width":0,"ocean_sidebar":"0","ocean_second_sidebar":"0","ocean_disable_margins":"enable","ocean_add_body_class":"","ocean_shortcode_before_top_bar":"","ocean_shortcode_after_top_bar":"","ocean_shortcode_before_header":"","ocean_shortcode_after_header":"","ocean_has_shortcode":"","ocean_shortcode_after_title":"","ocean_shortcode_before_footer_widgets":"","ocean_shortcode_after_footer_widgets":"","ocean_shortcode_before_footer_bottom":"","ocean_shortcode_after_footer_bottom":"","ocean_display_top_bar":"default","ocean_display_header":"default","ocean_header_style":"","ocean_center_header_left_menu":"0","ocean_custom_header_template":"0","ocean_custom_logo":0,"ocean_custom_retina_logo":0,"ocean_custom_logo_max_width":0,"ocean_custom_logo_tablet_max_width":0,"ocean_custom_logo_mobile_max_width":0,"ocean_custom_logo_max_height":0,"ocean_custom_logo_tablet_max_height":0,"ocean_custom_logo_mobile_max_height":0,"ocean_header_custom_menu":"0","ocean_menu_typo_font_family":"0","ocean_menu_typo_font_subset":"","ocean_menu_typo_font_size":0,"ocean_menu_typo_font_size_tablet":0,"ocean_menu_typo_font_size_mobile":0,"ocean_menu_typo_font_size_unit":"px","ocean_menu_typo_font_weight":"","ocean_menu_typo_font_weight_tablet":"","ocean_menu_typo_font_weight_mobile":"","ocean_menu_typo_transform":"","ocean_menu_typo_transform_tablet":"","ocean_menu_typo_transform_mobile":"","ocean_menu_typo_line_height":0,"ocean_menu_typo_line_height_tablet":0,"ocean_menu_typo_line_height_mobile":0,"ocean_menu_typo_line_height_unit":"","ocean_menu_typo_spacing":0,"ocean_menu_typo_spacing_tablet":0,"ocean_menu_typo_spacing_mobile":0,"ocean_menu_typo_spacing_unit":"","ocean_menu_link_color":"","ocean_menu_link_color_hover":"","ocean_menu_link_color_active":"","ocean_menu_link_background":"","ocean_menu_link_hover_background":"","ocean_menu_link_active_background":"","ocean_menu_social_links_bg":"","ocean_menu_social_hover_links_bg":"","ocean_menu_social_links_color":"","ocean_menu_social_hover_links_color":"","ocean_disable_title":"default","ocean_disable_heading":"default","ocean_post_title":"","ocean_post_subheading":"","ocean_post_title_style":"","ocean_post_title_background_color":"","ocean_post_title_background":0,"ocean_post_title_bg_image_position":"","ocean_post_title_bg_image_attachment":"","ocean_post_title_bg_image_repeat":"","ocean_post_title_bg_image_size":"","ocean_post_title_height":0,"ocean_post_title_bg_overlay":0.5,"ocean_post_title_bg_overlay_color":"","ocean_disable_breadcrumbs":"default","ocean_breadcrumbs_color":"","ocean_breadcrumbs_separator_color":"","ocean_breadcrumbs_links_color":"","ocean_breadcrumbs_links_hover_color":"","ocean_display_footer_widgets":"default","ocean_display_footer_bottom":"default","ocean_custom_footer_template":"0"},"product_brand":[],"product_cat":[53],"product_tag":[60,55,61,58,54,59,57,56],"class_list":{"0":"post-389","1":"product","2":"type-product","3":"status-publish","4":"has-post-thumbnail","6":"product_cat-galanteria-skorzana","7":"product_tag-galanteria-skorzana","8":"product_tag-galanteriadamska","9":"product_tag-torba-na-laptop","10":"product_tag-torbaskorzana","11":"product_tag-torebka","12":"product_tag-torebka-damska","13":"product_tag-wyrobartystyczny","14":"product_tag-wyrobyzeskory","16":"entry","17":"has-media","19":"first","20":"instock","21":"shipping-taxable","22":"purchasable","23":"product-type-simple","24":"has-product-nav","25":"col","26":"span_1_of_3","27":"owp-content-center","28":"owp-thumbs-layout-horizontal","29":"owp-btn-normal","30":"owp-tabs-layout-horizontal","31":"has-no-thumbnails"},"yoast_head":"<!-- This site is optimized with the Yoast SEO plugin v27.4 - https:\/\/yoast.com\/product\/yoast-seo-wordpress\/ -->\n<title>\u017b\u00f3\u0142ta torba sk\u00f3rzana - LachyDla\u015awiata<\/title>\n<meta name=\"description\" content=\"Kolorowa torebka sk\u00f3rzana z \u017c\u00f3\u0142tych \u015bcink\u00f3w sk\u00f3ry naturalnej dla odwa\u017cnej kobiety, kt\u00f3ra potrzebuje tylko u\u015bmiechu i kilku drobiazg\u00f3w\" \/>\n<meta name=\"robots\" content=\"index, follow, max-snippet:-1, max-image-preview:large, max-video-preview:-1\" \/>\n<link rel=\"canonical\" href=\"https:\/\/www.lachydlaswiata.org\/index.php\/produkt\/zolta-torba-skorzana\/\" \/>\n<meta property=\"og:locale\" content=\"pl_PL\" \/>\n<meta property=\"og:type\" content=\"article\" \/>\n<meta property=\"og:title\" content=\"\u017b\u00f3\u0142ta torba sk\u00f3rzana - LachyDla\u015awiata\" \/>\n<meta property=\"og:description\" content=\"Kolorowa torebka sk\u00f3rzana z \u017c\u00f3\u0142tych \u015bcink\u00f3w sk\u00f3ry naturalnej dla odwa\u017cnej kobiety, kt\u00f3ra potrzebuje tylko u\u015bmiechu i kilku drobiazg\u00f3w\" \/>\n<meta property=\"og:url\" content=\"https:\/\/www.lachydlaswiata.org\/index.php\/produkt\/zolta-torba-skorzana\/\" \/>\n<meta property=\"og:site_name\" content=\"LachyDla\u015awiata\" \/>\n<meta property=\"article:modified_time\" content=\"2024-08-01T00:47:29+00:00\" \/>\n<meta property=\"og:image\" content=\"https:\/\/www.lachydlaswiata.org\/wp-content\/uploads\/2024\/03\/to1.jpg\" \/>\n\t<meta property=\"og:image:width\" content=\"2048\" \/>\n\t<meta property=\"og:image:height\" content=\"1536\" \/>\n\t<meta property=\"og:image:type\" content=\"image\/jpeg\" \/>\n<meta name=\"twitter:card\" content=\"summary_large_image\" \/>\n<meta name=\"twitter:label1\" content=\"Szacowany czas czytania\" \/>\n\t<meta name=\"twitter:data1\" content=\"1 minuta\" \/>\n<script type=\"application\/ld+json\" class=\"yoast-schema-graph\">{\"@context\":\"https:\\\/\\\/schema.org\",\"@graph\":[{\"@type\":\"WebPage\",\"@id\":\"https:\\\/\\\/www.lachydlaswiata.org\\\/index.php\\\/produkt\\\/zolta-torba-skorzana\\\/\",\"url\":\"https:\\\/\\\/www.lachydlaswiata.org\\\/index.php\\\/produkt\\\/zolta-torba-skorzana\\\/\",\"name\":\"\u017b\u00f3\u0142ta torba sk\u00f3rzana - LachyDla\u015awiata\",\"isPartOf\":{\"@id\":\"https:\\\/\\\/www.lachydlaswiata.org\\\/#website\"},\"primaryImageOfPage\":{\"@id\":\"https:\\\/\\\/www.lachydlaswiata.org\\\/index.php\\\/produkt\\\/zolta-torba-skorzana\\\/#primaryimage\"},\"image\":{\"@id\":\"https:\\\/\\\/www.lachydlaswiata.org\\\/index.php\\\/produkt\\\/zolta-torba-skorzana\\\/#primaryimage\"},\"thumbnailUrl\":\"https:\\\/\\\/www.lachydlaswiata.org\\\/wp-content\\\/uploads\\\/2024\\\/03\\\/to1.jpg\",\"datePublished\":\"2024-03-27T14:18:34+00:00\",\"dateModified\":\"2024-08-01T00:47:29+00:00\",\"description\":\"Kolorowa torebka sk\u00f3rzana z \u017c\u00f3\u0142tych \u015bcink\u00f3w sk\u00f3ry naturalnej dla odwa\u017cnej kobiety, kt\u00f3ra potrzebuje tylko u\u015bmiechu i kilku drobiazg\u00f3w\",\"breadcrumb\":{\"@id\":\"https:\\\/\\\/www.lachydlaswiata.org\\\/index.php\\\/produkt\\\/zolta-torba-skorzana\\\/#breadcrumb\"},\"inLanguage\":\"pl-PL\",\"potentialAction\":[{\"@type\":\"ReadAction\",\"target\":[\"https:\\\/\\\/www.lachydlaswiata.org\\\/index.php\\\/produkt\\\/zolta-torba-skorzana\\\/\"]}]},{\"@type\":\"ImageObject\",\"inLanguage\":\"pl-PL\",\"@id\":\"https:\\\/\\\/www.lachydlaswiata.org\\\/index.php\\\/produkt\\\/zolta-torba-skorzana\\\/#primaryimage\",\"url\":\"https:\\\/\\\/www.lachydlaswiata.org\\\/wp-content\\\/uploads\\\/2024\\\/03\\\/to1.jpg\",\"contentUrl\":\"https:\\\/\\\/www.lachydlaswiata.org\\\/wp-content\\\/uploads\\\/2024\\\/03\\\/to1.jpg\",\"width\":2048,\"height\":1536,\"caption\":\"\u017b\u00f3\u0142ta torba sk\u00f3rzana\"},{\"@type\":\"BreadcrumbList\",\"@id\":\"https:\\\/\\\/www.lachydlaswiata.org\\\/index.php\\\/produkt\\\/zolta-torba-skorzana\\\/#breadcrumb\",\"itemListElement\":[{\"@type\":\"ListItem\",\"position\":1,\"name\":\"Strona g\u0142\u00f3wna\",\"item\":\"https:\\\/\\\/www.lachydlaswiata.org\\\/\"},{\"@type\":\"ListItem\",\"position\":2,\"name\":\"Shop\",\"item\":\"https:\\\/\\\/www.lachydlaswiata.org\\\/index.php\\\/shop\\\/\"},{\"@type\":\"ListItem\",\"position\":3,\"name\":\"\u017b\u00f3\u0142ta torba sk\u00f3rzana\"}]},{\"@type\":\"WebSite\",\"@id\":\"https:\\\/\\\/www.lachydlaswiata.org\\\/#website\",\"url\":\"https:\\\/\\\/www.lachydlaswiata.org\\\/\",\"name\":\"Lachy Dla \u015awiata\",\"description\":\"Strona fundacji Lachy Dla \u015bwiata\",\"publisher\":{\"@id\":\"https:\\\/\\\/www.lachydlaswiata.org\\\/#organization\"},\"potentialAction\":[{\"@type\":\"SearchAction\",\"target\":{\"@type\":\"EntryPoint\",\"urlTemplate\":\"https:\\\/\\\/www.lachydlaswiata.org\\\/?s={search_term_string}\"},\"query-input\":{\"@type\":\"PropertyValueSpecification\",\"valueRequired\":true,\"valueName\":\"search_term_string\"}}],\"inLanguage\":\"pl-PL\"},{\"@type\":\"Organization\",\"@id\":\"https:\\\/\\\/www.lachydlaswiata.org\\\/#organization\",\"name\":\"LachyDla\u015awiata\",\"url\":\"https:\\\/\\\/www.lachydlaswiata.org\\\/\",\"logo\":{\"@type\":\"ImageObject\",\"inLanguage\":\"pl-PL\",\"@id\":\"https:\\\/\\\/www.lachydlaswiata.org\\\/#\\\/schema\\\/logo\\\/image\\\/\",\"url\":\"\",\"contentUrl\":\"\",\"caption\":\"LachyDla\u015awiata\"},\"image\":{\"@id\":\"https:\\\/\\\/www.lachydlaswiata.org\\\/#\\\/schema\\\/logo\\\/image\\\/\"}}]}<\/script>\n<!-- \/ Yoast SEO plugin. -->","yoast_head_json":{"title":"\u017b\u00f3\u0142ta torba sk\u00f3rzana - LachyDla\u015awiata","description":"Kolorowa torebka sk\u00f3rzana z \u017c\u00f3\u0142tych \u015bcink\u00f3w sk\u00f3ry naturalnej dla odwa\u017cnej kobiety, kt\u00f3ra potrzebuje tylko u\u015bmiechu i kilku drobiazg\u00f3w","robots":{"index":"index","follow":"follow","max-snippet":"max-snippet:-1","max-image-preview":"max-image-preview:large","max-video-preview":"max-video-preview:-1"},"canonical":"https:\/\/www.lachydlaswiata.org\/index.php\/produkt\/zolta-torba-skorzana\/","og_locale":"pl_PL","og_type":"article","og_title":"\u017b\u00f3\u0142ta torba sk\u00f3rzana - LachyDla\u015awiata","og_description":"Kolorowa torebka sk\u00f3rzana z \u017c\u00f3\u0142tych \u015bcink\u00f3w sk\u00f3ry naturalnej dla odwa\u017cnej kobiety, kt\u00f3ra potrzebuje tylko u\u015bmiechu i kilku drobiazg\u00f3w","og_url":"https:\/\/www.lachydlaswiata.org\/index.php\/produkt\/zolta-torba-skorzana\/","og_site_name":"LachyDla\u015awiata","article_modified_time":"2024-08-01T00:47:29+00:00","og_image":[{"width":2048,"height":1536,"url":"https:\/\/www.lachydlaswiata.org\/wp-content\/uploads\/2024\/03\/to1.jpg","type":"image\/jpeg"}],"twitter_card":"summary_large_image","twitter_misc":{"Szacowany czas czytania":"1 minuta"},"schema":{"@context":"https:\/\/schema.org","@graph":[{"@type":"WebPage","@id":"https:\/\/www.lachydlaswiata.org\/index.php\/produkt\/zolta-torba-skorzana\/","url":"https:\/\/www.lachydlaswiata.org\/index.php\/produkt\/zolta-torba-skorzana\/","name":"\u017b\u00f3\u0142ta torba sk\u00f3rzana - LachyDla\u015awiata","isPartOf":{"@id":"https:\/\/www.lachydlaswiata.org\/#website"},"primaryImageOfPage":{"@id":"https:\/\/www.lachydlaswiata.org\/index.php\/produkt\/zolta-torba-skorzana\/#primaryimage"},"image":{"@id":"https:\/\/www.lachydlaswiata.org\/index.php\/produkt\/zolta-torba-skorzana\/#primaryimage"},"thumbnailUrl":"https:\/\/www.lachydlaswiata.org\/wp-content\/uploads\/2024\/03\/to1.jpg","datePublished":"2024-03-27T14:18:34+00:00","dateModified":"2024-08-01T00:47:29+00:00","description":"Kolorowa torebka sk\u00f3rzana z \u017c\u00f3\u0142tych \u015bcink\u00f3w sk\u00f3ry naturalnej dla odwa\u017cnej kobiety, kt\u00f3ra potrzebuje tylko u\u015bmiechu i kilku drobiazg\u00f3w","breadcrumb":{"@id":"https:\/\/www.lachydlaswiata.org\/index.php\/produkt\/zolta-torba-skorzana\/#breadcrumb"},"inLanguage":"pl-PL","potentialAction":[{"@type":"ReadAction","target":["https:\/\/www.lachydlaswiata.org\/index.php\/produkt\/zolta-torba-skorzana\/"]}]},{"@type":"ImageObject","inLanguage":"pl-PL","@id":"https:\/\/www.lachydlaswiata.org\/index.php\/produkt\/zolta-torba-skorzana\/#primaryimage","url":"https:\/\/www.lachydlaswiata.org\/wp-content\/uploads\/2024\/03\/to1.jpg","contentUrl":"https:\/\/www.lachydlaswiata.org\/wp-content\/uploads\/2024\/03\/to1.jpg","width":2048,"height":1536,"caption":"\u017b\u00f3\u0142ta torba sk\u00f3rzana"},{"@type":"BreadcrumbList","@id":"https:\/\/www.lachydlaswiata.org\/index.php\/produkt\/zolta-torba-skorzana\/#breadcrumb","itemListElement":[{"@type":"ListItem","position":1,"name":"Strona g\u0142\u00f3wna","item":"https:\/\/www.lachydlaswiata.org\/"},{"@type":"ListItem","position":2,"name":"Shop","item":"https:\/\/www.lachydlaswiata.org\/index.php\/shop\/"},{"@type":"ListItem","position":3,"name":"\u017b\u00f3\u0142ta torba sk\u00f3rzana"}]},{"@type":"WebSite","@id":"https:\/\/www.lachydlaswiata.org\/#website","url":"https:\/\/www.lachydlaswiata.org\/","name":"Lachy Dla \u015awiata","description":"Strona fundacji Lachy Dla \u015bwiata","publisher":{"@id":"https:\/\/www.lachydlaswiata.org\/#organization"},"potentialAction":[{"@type":"SearchAction","target":{"@type":"EntryPoint","urlTemplate":"https:\/\/www.lachydlaswiata.org\/?s={search_term_string}"},"query-input":{"@type":"PropertyValueSpecification","valueRequired":true,"valueName":"search_term_string"}}],"inLanguage":"pl-PL"},{"@type":"Organization","@id":"https:\/\/www.lachydlaswiata.org\/#organization","name":"LachyDla\u015awiata","url":"https:\/\/www.lachydlaswiata.org\/","logo":{"@type":"ImageObject","inLanguage":"pl-PL","@id":"https:\/\/www.lachydlaswiata.org\/#\/schema\/logo\/image\/","url":"","contentUrl":"","caption":"LachyDla\u015awiata"},"image":{"@id":"https:\/\/www.lachydlaswiata.org\/#\/schema\/logo\/image\/"}}]}},"_links":{"self":[{"href":"https:\/\/www.lachydlaswiata.org\/index.php\/wp-json\/wp\/v2\/product\/389","targetHints":{"allow":["GET"]}}],"collection":[{"href":"https:\/\/www.lachydlaswiata.org\/index.php\/wp-json\/wp\/v2\/product"}],"about":[{"href":"https:\/\/www.lachydlaswiata.org\/index.php\/wp-json\/wp\/v2\/types\/product"}],"replies":[{"embeddable":true,"href":"https:\/\/www.lachydlaswiata.org\/index.php\/wp-json\/wp\/v2\/comments?post=389"}],"wp:featuredmedia":[{"embeddable":true,"href":"https:\/\/www.lachydlaswiata.org\/index.php\/wp-json\/wp\/v2\/media\/603"}],"wp:attachment":[{"href":"https:\/\/www.lachydlaswiata.org\/index.php\/wp-json\/wp\/v2\/media?parent=389"}],"wp:term":[{"taxonomy":"product_brand","embeddable":true,"href":"https:\/\/www.lachydlaswiata.org\/index.php\/wp-json\/wp\/v2\/product_brand?post=389"},{"taxonomy":"product_cat","embeddable":true,"href":"https:\/\/www.lachydlaswiata.org\/index.php\/wp-json\/wp\/v2\/product_cat?post=389"},{"taxonomy":"product_tag","embeddable":true,"href":"https:\/\/www.lachydlaswiata.org\/index.php\/wp-json\/wp\/v2\/product_tag?post=389"}],"curies":[{"name":"wp","href":"https:\/\/api.w.org\/{rel}","templated":true}]}}