{"id":627,"date":"2024-08-09T12:35:32","date_gmt":"2024-08-09T12:35:32","guid":{"rendered":"https:\/\/www.lachydlaswiata.org\/?post_type=product&#038;p=627"},"modified":"2024-08-13T08:34:23","modified_gmt":"2024-08-13T08:34:23","slug":"marzanna","status":"publish","type":"product","link":"https:\/\/www.lachydlaswiata.org\/index.php\/produkt\/marzanna\/","title":{"rendered":"Marzanna"},"content":{"rendered":"<p><span lang=\"pl\">Marzanna &#8211; S\u0142owia\u0144ska <\/span> bogini u\u015bpionej natury, zimy i \u015bmierci.\u00a0 Nadruk wykonany r\u0119cznie przy u\u017cyciu ekologicznej farby Permaset i szablonu wyci\u0119tego w kliszy rentgenowskiej na koszulkach firmy Sol&#8217;s o gramaturze 190. 100% p\u00f3\u0142czesana bawe\u0142na z ta\u015bm\u0105 w<span lang=\"pl\">zmacniaj\u0105c\u0105 ring-spun na szyi. Ko\u0142nierzyk ze \u015bci\u0105gaczem. Dost\u0119pne r\u00f3wnie\u017c na damskich koszulkach. Dost\u0119pne rozmiary: M &#8211; XXL. Cena nie obejmuje przesy\u0142ki. Do ceny koszulki prosze doda\u0107 koszt przesy\u0142ki &#8211; Irlandia &#8211; 6 euro, Europa &#8211; 10, reszta \u015bwiata 15.<br \/>\n<\/span><\/p>\n","protected":false},"excerpt":{"rendered":"<p>Marzanna &#8211; S\u0142owia\u0144ska bogini u\u015bpionej natury, zimy i \u015bmierci.\u00a0 Nadruk wykonany r\u0119cznie przy u\u017cyciu ekologicznej farby Permaset i szablonu wyci\u0119tego w kliszy rentgenowskiej na koszulkach firmy Sol&#8217;s o gramaturze 190. 100% p\u00f3\u0142czesana bawe\u0142na z ta\u015bm\u0105 wzmacniaj\u0105c\u0105 ring-spun na szyi. Ko\u0142nierzyk ze \u015bci\u0105gaczem. Dost\u0119pne r\u00f3wnie\u017c na damskich koszulkach. Dost\u0119pne rozmiary: M &#8211; XXL. Cena nie obejmuje przesy\u0142ki. Do ceny koszulki prosze doda\u0107 koszt przesy\u0142ki &#8211; Irlandia &#8211; 6 euro, Europa &#8211; 10, reszta \u015bwiata 15.<\/p>\n","protected":false},"featured_media":621,"comment_status":"closed","ping_status":"closed","template":"","meta":{"ocean_post_layout":"","ocean_both_sidebars_style":"","ocean_both_sidebars_content_width":0,"ocean_both_sidebars_sidebars_width":0,"ocean_sidebar":"","ocean_second_sidebar":"","ocean_disable_margins":"enable","ocean_add_body_class":"","ocean_shortcode_before_top_bar":"","ocean_shortcode_after_top_bar":"","ocean_shortcode_before_header":"","ocean_shortcode_after_header":"","ocean_has_shortcode":"","ocean_shortcode_after_title":"","ocean_shortcode_before_footer_widgets":"","ocean_shortcode_after_footer_widgets":"","ocean_shortcode_before_footer_bottom":"","ocean_shortcode_after_footer_bottom":"","ocean_display_top_bar":"default","ocean_display_header":"default","ocean_header_style":"","ocean_center_header_left_menu":"","ocean_custom_header_template":"","ocean_custom_logo":0,"ocean_custom_retina_logo":0,"ocean_custom_logo_max_width":0,"ocean_custom_logo_tablet_max_width":0,"ocean_custom_logo_mobile_max_width":0,"ocean_custom_logo_max_height":0,"ocean_custom_logo_tablet_max_height":0,"ocean_custom_logo_mobile_max_height":0,"ocean_header_custom_menu":"","ocean_menu_typo_font_family":"","ocean_menu_typo_font_subset":"","ocean_menu_typo_font_size":0,"ocean_menu_typo_font_size_tablet":0,"ocean_menu_typo_font_size_mobile":0,"ocean_menu_typo_font_size_unit":"px","ocean_menu_typo_font_weight":"","ocean_menu_typo_font_weight_tablet":"","ocean_menu_typo_font_weight_mobile":"","ocean_menu_typo_transform":"","ocean_menu_typo_transform_tablet":"","ocean_menu_typo_transform_mobile":"","ocean_menu_typo_line_height":0,"ocean_menu_typo_line_height_tablet":0,"ocean_menu_typo_line_height_mobile":0,"ocean_menu_typo_line_height_unit":"","ocean_menu_typo_spacing":0,"ocean_menu_typo_spacing_tablet":0,"ocean_menu_typo_spacing_mobile":0,"ocean_menu_typo_spacing_unit":"","ocean_menu_link_color":"","ocean_menu_link_color_hover":"","ocean_menu_link_color_active":"","ocean_menu_link_background":"","ocean_menu_link_hover_background":"","ocean_menu_link_active_background":"","ocean_menu_social_links_bg":"","ocean_menu_social_hover_links_bg":"","ocean_menu_social_links_color":"","ocean_menu_social_hover_links_color":"","ocean_disable_title":"default","ocean_disable_heading":"default","ocean_post_title":"","ocean_post_subheading":"","ocean_post_title_style":"","ocean_post_title_background_color":"","ocean_post_title_background":0,"ocean_post_title_bg_image_position":"","ocean_post_title_bg_image_attachment":"","ocean_post_title_bg_image_repeat":"","ocean_post_title_bg_image_size":"","ocean_post_title_height":0,"ocean_post_title_bg_overlay":0.5,"ocean_post_title_bg_overlay_color":"","ocean_disable_breadcrumbs":"default","ocean_breadcrumbs_color":"","ocean_breadcrumbs_separator_color":"","ocean_breadcrumbs_links_color":"","ocean_breadcrumbs_links_hover_color":"","ocean_display_footer_widgets":"default","ocean_display_footer_bottom":"default","ocean_custom_footer_template":""},"product_brand":[],"product_cat":[28],"product_tag":[],"class_list":{"0":"post-627","1":"product","2":"type-product","3":"status-publish","4":"has-post-thumbnail","6":"product_cat-mens-clothing","8":"entry","9":"has-media","11":"first","12":"instock","13":"shipping-taxable","14":"purchasable","15":"product-type-simple","16":"has-product-nav","17":"col","18":"span_1_of_3","19":"owp-content-center","20":"owp-thumbs-layout-horizontal","21":"owp-btn-normal","22":"owp-tabs-layout-horizontal"},"yoast_head":"<!-- This site is optimized with the Yoast SEO plugin v27.4 - https:\/\/yoast.com\/product\/yoast-seo-wordpress\/ -->\n<title>Marzanna - LachyDla\u015awiata<\/title>\n<meta name=\"robots\" content=\"index, follow, max-snippet:-1, max-image-preview:large, max-video-preview:-1\" \/>\n<link rel=\"canonical\" href=\"https:\/\/www.lachydlaswiata.org\/index.php\/produkt\/marzanna\/\" \/>\n<meta property=\"og:locale\" content=\"pl_PL\" \/>\n<meta property=\"og:type\" content=\"article\" \/>\n<meta property=\"og:title\" content=\"Marzanna - LachyDla\u015awiata\" \/>\n<meta property=\"og:description\" content=\"Marzanna &#8211; S\u0142owia\u0144ska bogini u\u015bpionej natury, zimy i \u015bmierci.\u00a0 Nadruk wykonany r\u0119cznie przy u\u017cyciu ekologicznej farby Permaset i szablonu wyci\u0119tego w kliszy rentgenowskiej na koszulkach firmy Sol&#8217;s o gramaturze 190. 100% p\u00f3\u0142czesana bawe\u0142na z ta\u015bm\u0105 wzmacniaj\u0105c\u0105 ring-spun na szyi. Ko\u0142nierzyk ze \u015bci\u0105gaczem. Dost\u0119pne r\u00f3wnie\u017c na damskich koszulkach. Dost\u0119pne rozmiary: M &#8211; XXL. Cena nie obejmuje przesy\u0142ki. Do ceny koszulki prosze doda\u0107 koszt przesy\u0142ki &#8211; Irlandia &#8211; 6 euro, Europa &#8211; 10, reszta \u015bwiata 15.\" \/>\n<meta property=\"og:url\" content=\"https:\/\/www.lachydlaswiata.org\/index.php\/produkt\/marzanna\/\" \/>\n<meta property=\"og:site_name\" content=\"LachyDla\u015awiata\" \/>\n<meta property=\"article:modified_time\" content=\"2024-08-13T08:34:23+00:00\" \/>\n<meta property=\"og:image\" content=\"https:\/\/www.lachydlaswiata.org\/wp-content\/uploads\/2024\/08\/Marzanna.jpg\" \/>\n\t<meta property=\"og:image:width\" content=\"564\" \/>\n\t<meta property=\"og:image:height\" content=\"564\" \/>\n\t<meta property=\"og:image:type\" content=\"image\/jpeg\" \/>\n<meta name=\"twitter:card\" content=\"summary_large_image\" \/>\n<meta name=\"twitter:label1\" content=\"Szacowany czas czytania\" \/>\n\t<meta name=\"twitter:data1\" content=\"1 minuta\" \/>\n<script type=\"application\/ld+json\" class=\"yoast-schema-graph\">{\"@context\":\"https:\\\/\\\/schema.org\",\"@graph\":[{\"@type\":\"WebPage\",\"@id\":\"https:\\\/\\\/www.lachydlaswiata.org\\\/index.php\\\/produkt\\\/marzanna\\\/\",\"url\":\"https:\\\/\\\/www.lachydlaswiata.org\\\/index.php\\\/produkt\\\/marzanna\\\/\",\"name\":\"Marzanna - LachyDla\u015awiata\",\"isPartOf\":{\"@id\":\"https:\\\/\\\/www.lachydlaswiata.org\\\/#website\"},\"primaryImageOfPage\":{\"@id\":\"https:\\\/\\\/www.lachydlaswiata.org\\\/index.php\\\/produkt\\\/marzanna\\\/#primaryimage\"},\"image\":{\"@id\":\"https:\\\/\\\/www.lachydlaswiata.org\\\/index.php\\\/produkt\\\/marzanna\\\/#primaryimage\"},\"thumbnailUrl\":\"https:\\\/\\\/www.lachydlaswiata.org\\\/wp-content\\\/uploads\\\/2024\\\/08\\\/Marzanna.jpg\",\"datePublished\":\"2024-08-09T12:35:32+00:00\",\"dateModified\":\"2024-08-13T08:34:23+00:00\",\"breadcrumb\":{\"@id\":\"https:\\\/\\\/www.lachydlaswiata.org\\\/index.php\\\/produkt\\\/marzanna\\\/#breadcrumb\"},\"inLanguage\":\"pl-PL\",\"potentialAction\":[{\"@type\":\"ReadAction\",\"target\":[\"https:\\\/\\\/www.lachydlaswiata.org\\\/index.php\\\/produkt\\\/marzanna\\\/\"]}]},{\"@type\":\"ImageObject\",\"inLanguage\":\"pl-PL\",\"@id\":\"https:\\\/\\\/www.lachydlaswiata.org\\\/index.php\\\/produkt\\\/marzanna\\\/#primaryimage\",\"url\":\"https:\\\/\\\/www.lachydlaswiata.org\\\/wp-content\\\/uploads\\\/2024\\\/08\\\/Marzanna.jpg\",\"contentUrl\":\"https:\\\/\\\/www.lachydlaswiata.org\\\/wp-content\\\/uploads\\\/2024\\\/08\\\/Marzanna.jpg\",\"width\":564,\"height\":564},{\"@type\":\"BreadcrumbList\",\"@id\":\"https:\\\/\\\/www.lachydlaswiata.org\\\/index.php\\\/produkt\\\/marzanna\\\/#breadcrumb\",\"itemListElement\":[{\"@type\":\"ListItem\",\"position\":1,\"name\":\"Strona g\u0142\u00f3wna\",\"item\":\"https:\\\/\\\/www.lachydlaswiata.org\\\/\"},{\"@type\":\"ListItem\",\"position\":2,\"name\":\"Shop\",\"item\":\"https:\\\/\\\/www.lachydlaswiata.org\\\/index.php\\\/shop\\\/\"},{\"@type\":\"ListItem\",\"position\":3,\"name\":\"Marzanna\"}]},{\"@type\":\"WebSite\",\"@id\":\"https:\\\/\\\/www.lachydlaswiata.org\\\/#website\",\"url\":\"https:\\\/\\\/www.lachydlaswiata.org\\\/\",\"name\":\"Lachy Dla \u015awiata\",\"description\":\"Strona fundacji Lachy Dla \u015bwiata\",\"publisher\":{\"@id\":\"https:\\\/\\\/www.lachydlaswiata.org\\\/#organization\"},\"potentialAction\":[{\"@type\":\"SearchAction\",\"target\":{\"@type\":\"EntryPoint\",\"urlTemplate\":\"https:\\\/\\\/www.lachydlaswiata.org\\\/?s={search_term_string}\"},\"query-input\":{\"@type\":\"PropertyValueSpecification\",\"valueRequired\":true,\"valueName\":\"search_term_string\"}}],\"inLanguage\":\"pl-PL\"},{\"@type\":\"Organization\",\"@id\":\"https:\\\/\\\/www.lachydlaswiata.org\\\/#organization\",\"name\":\"LachyDla\u015awiata\",\"url\":\"https:\\\/\\\/www.lachydlaswiata.org\\\/\",\"logo\":{\"@type\":\"ImageObject\",\"inLanguage\":\"pl-PL\",\"@id\":\"https:\\\/\\\/www.lachydlaswiata.org\\\/#\\\/schema\\\/logo\\\/image\\\/\",\"url\":\"\",\"contentUrl\":\"\",\"caption\":\"LachyDla\u015awiata\"},\"image\":{\"@id\":\"https:\\\/\\\/www.lachydlaswiata.org\\\/#\\\/schema\\\/logo\\\/image\\\/\"}}]}<\/script>\n<!-- \/ Yoast SEO plugin. -->","yoast_head_json":{"title":"Marzanna - LachyDla\u015awiata","robots":{"index":"index","follow":"follow","max-snippet":"max-snippet:-1","max-image-preview":"max-image-preview:large","max-video-preview":"max-video-preview:-1"},"canonical":"https:\/\/www.lachydlaswiata.org\/index.php\/produkt\/marzanna\/","og_locale":"pl_PL","og_type":"article","og_title":"Marzanna - LachyDla\u015awiata","og_description":"Marzanna &#8211; S\u0142owia\u0144ska bogini u\u015bpionej natury, zimy i \u015bmierci.\u00a0 Nadruk wykonany r\u0119cznie przy u\u017cyciu ekologicznej farby Permaset i szablonu wyci\u0119tego w kliszy rentgenowskiej na koszulkach firmy Sol&#8217;s o gramaturze 190. 100% p\u00f3\u0142czesana bawe\u0142na z ta\u015bm\u0105 wzmacniaj\u0105c\u0105 ring-spun na szyi. Ko\u0142nierzyk ze \u015bci\u0105gaczem. Dost\u0119pne r\u00f3wnie\u017c na damskich koszulkach. Dost\u0119pne rozmiary: M &#8211; XXL. Cena nie obejmuje przesy\u0142ki. Do ceny koszulki prosze doda\u0107 koszt przesy\u0142ki &#8211; Irlandia &#8211; 6 euro, Europa &#8211; 10, reszta \u015bwiata 15.","og_url":"https:\/\/www.lachydlaswiata.org\/index.php\/produkt\/marzanna\/","og_site_name":"LachyDla\u015awiata","article_modified_time":"2024-08-13T08:34:23+00:00","og_image":[{"width":564,"height":564,"url":"https:\/\/www.lachydlaswiata.org\/wp-content\/uploads\/2024\/08\/Marzanna.jpg","type":"image\/jpeg"}],"twitter_card":"summary_large_image","twitter_misc":{"Szacowany czas czytania":"1 minuta"},"schema":{"@context":"https:\/\/schema.org","@graph":[{"@type":"WebPage","@id":"https:\/\/www.lachydlaswiata.org\/index.php\/produkt\/marzanna\/","url":"https:\/\/www.lachydlaswiata.org\/index.php\/produkt\/marzanna\/","name":"Marzanna - LachyDla\u015awiata","isPartOf":{"@id":"https:\/\/www.lachydlaswiata.org\/#website"},"primaryImageOfPage":{"@id":"https:\/\/www.lachydlaswiata.org\/index.php\/produkt\/marzanna\/#primaryimage"},"image":{"@id":"https:\/\/www.lachydlaswiata.org\/index.php\/produkt\/marzanna\/#primaryimage"},"thumbnailUrl":"https:\/\/www.lachydlaswiata.org\/wp-content\/uploads\/2024\/08\/Marzanna.jpg","datePublished":"2024-08-09T12:35:32+00:00","dateModified":"2024-08-13T08:34:23+00:00","breadcrumb":{"@id":"https:\/\/www.lachydlaswiata.org\/index.php\/produkt\/marzanna\/#breadcrumb"},"inLanguage":"pl-PL","potentialAction":[{"@type":"ReadAction","target":["https:\/\/www.lachydlaswiata.org\/index.php\/produkt\/marzanna\/"]}]},{"@type":"ImageObject","inLanguage":"pl-PL","@id":"https:\/\/www.lachydlaswiata.org\/index.php\/produkt\/marzanna\/#primaryimage","url":"https:\/\/www.lachydlaswiata.org\/wp-content\/uploads\/2024\/08\/Marzanna.jpg","contentUrl":"https:\/\/www.lachydlaswiata.org\/wp-content\/uploads\/2024\/08\/Marzanna.jpg","width":564,"height":564},{"@type":"BreadcrumbList","@id":"https:\/\/www.lachydlaswiata.org\/index.php\/produkt\/marzanna\/#breadcrumb","itemListElement":[{"@type":"ListItem","position":1,"name":"Strona g\u0142\u00f3wna","item":"https:\/\/www.lachydlaswiata.org\/"},{"@type":"ListItem","position":2,"name":"Shop","item":"https:\/\/www.lachydlaswiata.org\/index.php\/shop\/"},{"@type":"ListItem","position":3,"name":"Marzanna"}]},{"@type":"WebSite","@id":"https:\/\/www.lachydlaswiata.org\/#website","url":"https:\/\/www.lachydlaswiata.org\/","name":"Lachy Dla \u015awiata","description":"Strona fundacji Lachy Dla \u015bwiata","publisher":{"@id":"https:\/\/www.lachydlaswiata.org\/#organization"},"potentialAction":[{"@type":"SearchAction","target":{"@type":"EntryPoint","urlTemplate":"https:\/\/www.lachydlaswiata.org\/?s={search_term_string}"},"query-input":{"@type":"PropertyValueSpecification","valueRequired":true,"valueName":"search_term_string"}}],"inLanguage":"pl-PL"},{"@type":"Organization","@id":"https:\/\/www.lachydlaswiata.org\/#organization","name":"LachyDla\u015awiata","url":"https:\/\/www.lachydlaswiata.org\/","logo":{"@type":"ImageObject","inLanguage":"pl-PL","@id":"https:\/\/www.lachydlaswiata.org\/#\/schema\/logo\/image\/","url":"","contentUrl":"","caption":"LachyDla\u015awiata"},"image":{"@id":"https:\/\/www.lachydlaswiata.org\/#\/schema\/logo\/image\/"}}]}},"_links":{"self":[{"href":"https:\/\/www.lachydlaswiata.org\/index.php\/wp-json\/wp\/v2\/product\/627","targetHints":{"allow":["GET"]}}],"collection":[{"href":"https:\/\/www.lachydlaswiata.org\/index.php\/wp-json\/wp\/v2\/product"}],"about":[{"href":"https:\/\/www.lachydlaswiata.org\/index.php\/wp-json\/wp\/v2\/types\/product"}],"replies":[{"embeddable":true,"href":"https:\/\/www.lachydlaswiata.org\/index.php\/wp-json\/wp\/v2\/comments?post=627"}],"wp:featuredmedia":[{"embeddable":true,"href":"https:\/\/www.lachydlaswiata.org\/index.php\/wp-json\/wp\/v2\/media\/621"}],"wp:attachment":[{"href":"https:\/\/www.lachydlaswiata.org\/index.php\/wp-json\/wp\/v2\/media?parent=627"}],"wp:term":[{"taxonomy":"product_brand","embeddable":true,"href":"https:\/\/www.lachydlaswiata.org\/index.php\/wp-json\/wp\/v2\/product_brand?post=627"},{"taxonomy":"product_cat","embeddable":true,"href":"https:\/\/www.lachydlaswiata.org\/index.php\/wp-json\/wp\/v2\/product_cat?post=627"},{"taxonomy":"product_tag","embeddable":true,"href":"https:\/\/www.lachydlaswiata.org\/index.php\/wp-json\/wp\/v2\/product_tag?post=627"}],"curies":[{"name":"wp","href":"https:\/\/api.w.org\/{rel}","templated":true}]}}